- 47 - -20?
-7
Evaluate (2 - 11) + (-10 - (-9 + (-2 - -2))).
-10
Evaluate (10 - (6 + -1)) + (-2 - 8) + -8.
-13
What is (-10 - 5) + 3 - (-1 + 0 - 1)?
-10
Calculate 1 + 1 - (-169 + 164).
7
What is the value of (8 - 13) + 25 + -15?
5
Evaluate -7 + -5 + (19 - (-5 - -11)) + 0.
1
What is 6 + -16 - (-6 + 7 - 0)?
-11
What is -3 - (-2 - -1 - (12 + -6 - 11))?
-7
-36 + -2 - (-203 + 186)
-21
593 + -616 + 1 + 19
-3
What is the value of 18 + (-12 - -14) + 10 + -16?
14
What is 11 - 14 - -6 - (1 + 5)?
-3
What is -6 + -3 + 0 - (1 - -4 - 14)?
0
What is the value of 14 + -1 + (-8 - (-6 - -27))?
-16
(-690 - -712) + (-1 - 9)
12
1 + 20 + -11 + -13
-3
-1 - 4 - (19 + -43 + (12 - 2))
9
What is -34 + 5 + 28 - (1 + -3)?
1
Evaluate 4 + (-10 + 4 - 4).
-6
What is -39 - (-26 - -5) - (1 - 9)?
-10
What is the value of 24 + -2 - (-23 - -28 - -4)?
13
(0 - (-26 - 1)) + 1 - (745 + -736)
19
Evaluate -14 + (28 - 7) - (0 + 17).
-10
What is the value of -26 - (-4 + (9 - -3) - 13)?
-21
Calculate 2 + 14 + (-82 + -26 - -71).
-21
Calculate 1 - (34 + -38 + (-1 - 3)).
9
Evaluate 6 - (6 + -10) - 20.
-10
Calculate -9 - (-2 + 0 + -3 + (26 - 32)).
2
What is the value of 17 - (-21 + 56 + 4)?
-22
3 + (1 - 0) + 9 + -30 + 0
-17
What is 7 - (-11 + -1) - 12?
7
What is the value of -1 + 0 + (-14 - (-42 - -15))?
12
15 + -20 + 21 + -28
-12
-13 + (24 - (33 + -14)) - 26
-34
What is (102 + -108 - (1 + (0 - 14))) + -6?
1
What is (-9 - -17 - 22) + 35?
21
What is the value of (-4 + -2 - (-22 - -18) - -8) + -9?
-3
Calculate (19 - (7 + -6 - -12)) + -28.
-22
What is the value of 3 + -1 + 1 - (10 + 7 - 24)?
10
Evaluate 199 + -218 + 6 + 0 - -11.
-2
Calculate -4 + (178 + -150 - (0 + 14)).
10
What is 7 + (15 - (5 + -3) - 10)?
10
9 - (0 - (15 + -26))
-2
What is the value of (-10 + 8 + -3 - 2) + -4?
-11
Calculate -17 + 2 - (161 - 195) - 4.
15
What is -14 - (-7 - (-7 - (15 + -3 + -6)))?
-20
2 + 1 - (12 + 1 - 0)
-10
24 - (3 + -15 - -23)
13
What is -831 + 825 - (-1 + -9 + -1)?
5
What is the value of -21 + (9 - (1 + 9 + -4))?
-18
5 + (-14 - 12) - -16
-5
4 - (-197 + 196 - (-5 + 1 + 0))
1
Evaluate -5 - -39 - (67 + -41).
8
4 - (-4 - 9 - -24)
-7
What is 2 + (-12 - (-5 - 2)) - -9 - 1?
5
What is the value of 4 - (25 - 8) - (14 + 0)?
-27
What is the value of (15 - 9) + -3 + -5 + 3?
1
(-1 - -9) + 264 + -259 - 14
-1
Evaluate (-3 - (1 + -6)) + (43 - 52).
-7
Calculate -1 + -5 + 22 + (7 + -3 - 1).
19
What is the value of -10 - (-29 - -5) - -2?
16
-7 + (17 - -3) + -21 + 15
7
(2 - (-36 + 20)) + (-1 - 14)
3
Calculate 2 - (13 - (-1 + (19 - 10))).
-3
What is the value of (6 - 5) + -4 - 6 - (-10 - -4)?
-3
What is the value of (8 + -15 - -7) + -6 + -1 + 5?
-2
Calculate (-1 - -9) + (20 - (49 + -17)).
-4
Calculate 19 + -13 - (1 + -1) - -2.
8
36 - (-5 + (0 - -5) + (14 - 7))
29
Evaluate -16 - (7 + -20 + (-4 - -11)).
-10
What is 6 - (12 - 12) - 19?
-13
Calculate 0 + 20 - (37 + -34).
17
Evaluate (1 + 5 - 12 - -5) + (1 - 0).
0
Evaluate 22 + -39 + 5 + 4.
-8
What is the value of 23 - 45 - (2 - 19)?
-5
0 - -4 - (-16 + 10)
10
What is the value of -3 + 8 - (-13 - -5)?
13
Calculate -17 + (8 - (3 + -2)) + 8.
-2
What is (2 + 1 - (59 - 46)) + -9?
-19
What is 10 + -12 + -6 + 19 + -3?
8
What is the value of (68 - 13 - 20) + -26?
9
-167 - -192 - (-4 + 2 + -1 + 2)
26
4 - (0 + -6 + (-7 - -22) + -38)
33
Evaluate (-12 - -1) + (-17 - (-6 - 18)).
-4
What is (-19 + 14 - (2 - -1)) + 20?
12
What is 6 + 3 + 0 + (38 - 9) + -53?
-15
(-38 - -45) + 41 - 34
14
Evaluate 0 - -5 - (4 - 7 - (-3 + 1)).
6
Evaluate 14 + -4 + -17 + -7.
-14
What is the value of -5 + 1 + 7 + (1 - 1 - 3)?
0
What is -3 + (10 + -6 - (-57 - -29))?
29
Evaluate 9 - (14 - (-12 - -12)).
-5
Evaluate -2 - ((3 - -1) + -4 + (4 - 3)).
-3
5 - (-6 - ((-9 - -1 - -1) + 3))
7
Evaluate 177 - 178 - (-32 - 1) - 14.
18
Evaluate -2 + 0 + (-6 - (-1 + (1 - 8))).
0
What is the value of -5 + (26 + -1 - 11) - 2?
7
What is -2 - (-9 + (-7 - -8 - -5)) - 9?
-8
Calculate (72 - 119) + (7 - -8).
-32
What is the value of 4 + 0 + (-8 + 4 - -3) - 10?
-7
Calculate (131 - 120) + (3 - -2).
16
What is the value of (-6 - (-34 - (19 - 30))) + -19?
-2
What is 4 + (5 - (29 + -9)) + 5?
-6
Evaluate (18 - 25) + -15 + 16.
-6
(18 - (4 + 8)) + -14
-8
What is the value of (-7 - 1) + -207 + 226?
11
Calculate -6 + (1 + -15 - 2 - (-128 - -119)).
-13
-9 + (2 - -15) + 35 - 9
34
Evaluate (2 + 2 - (0 - -1)) + 5 + -7.
1
6 - (13 + -3 + 1)
-5
Calculate 4 + 5 + -7 + -2 + -3 - -5.
2
What is 4 + (0 - -8) + (70 - 75) - -5?
12
What is the value of 12 - (-9 + 8 - -16)?
-3
Calculate -10 + (29 - 9) + -19.
-9
(-72 - -81) + -16 + -1
-8
What is -50 + 15 + 13 + 16?
-6
What is the value of (2 - -7 - -5) + -3?
11
What is (-10 - -11) + 7 + (23 - (-2 + 3))?
30
Evaluate 8 + 11 + -5 + -4 + -5.
5
What is the value of -20 + 12 + (-14 - -10 - 3)?
-15
What is 5 + 1 + (2 + -3 + 3 - -2)?
10
(1 - 2) + -7 - (-27 + (-1 - -16))
4
Calculate -1 - (-3 + (1 + -8 - (37 + -63))).
-17
-38 - (28 + (-12 - 52))
-2
Evaluate -7 - (9 - (32 - 13)).
3
What is (2 + -9 - -9) + -3?
-1
What is the value of 24 + -11 + -9 + -20?
-16
What is 9 - (10 - (2 - -4))?
5
What is the value of -18 + -6 + 2 - (-2 + 5 - 7)?
-18
Evaluate (5 + -4 + -4 - (1 - 2)) + 2.
0
Evaluate -3 + -1 - (39 - 12).
-31
What is (1 - 14) + (5 + 28 - 38)?
-18
(-4 - 0) + (17 - (15 + 12))
-14
Calculate -1 - (-1 - 30) - (4917 - 4925).
38
(2 - (-10 - -3) - 11) + (-4 - -1)
-5
Evaluate 19 - (26 - (-26 - -45)).
12
(4 + 3 - (23 + 3)) + (4 - 1)
-16
Evaluate (1 - 14) + (17 - (5 - -7 - 3)).
-5
(7 + 6 - 11 - 8) + 21
15
Evaluate 157 + -151 + -2 + 27 + -4.
27
Calculate 8 + (1 + (-2 - 0) - -2).
9
161 - 165 - ((-1 + 1 - -3) + -5)
-2
What is the value of -4 - ((-10 - -9) + (2 - 4)) - -9?
8
Evaluate (-18 + 14 + -4 + 10 - 7) + -4.
-9
Calculate -12 + (-14 - (-3 + -26)) - -13.
16
Calculate (-8 - 30) + 14 - -18.
-6
What is the value of -15 - (4 + (1 - 4) + -3 + -4)?
-9
(-2 - 2) + 4 + -2 + -6
-8
What is the value of (24 - 31) + 12 + -3?
2
What is (1 - -13 - (64 + -59)) + 4?
13
What is the value of 86 + -131 - (-25 - 2)?
-18
Evaluate -28 + (28 + -4 - 15) + 3.
-16
What is 0 + 17 + -21 + -11?
-15
What is 6 - 3 - ((17 - -8) + -29)?
7
What is -5 + (5 + -3 + 4 + -7 - -4)?
-2
-31 - (9 - 31 - -4)
-13
What is the value of -2 + 25 + -26 + -2?
-5
What is the value of -40 + (-11 - -11) + -4 + (0 - -6)?
-38
Evaluate -7 + 14 - -9 - (-4 + -5 + 7).
18
What is the value of (4 - (-5 + 6)) + 0 + -5?
-2
What is the value of (-1 - -8) + -6 + (1 + 0 - 6)?
-4
Evaluate (29 + -2 - 43) + -15.
-31
What is the value of 31 + -19 + 1 - 20?
-7
50 + 21 + -41 + -7 + 2
25
What is -1 + -5 - ((-21 - -52) + -31)?
-6
Calculate 173 + -169 + (-2 - 10 - 2).
-10
What is the value of (3 + 4 - 36) + 18?
-11
What is the value of -8 - (-7 + 28 + -14)?
-15
What is the value of (3 - 1 - -1) + (-423 - -425)?
5
Calculate 18 + 7 + 29 + -28.
26
Evaluate 56 + -65 - (-6 + -2 + 0).
-1
-18 - (-12 + 16 - 12) - (-1 + -4)
-5
What is the value of (-23 - (28 - 64)) + -1?
12
(11 - (-9 - (5 + (-3 - 2)))) + 0
20
Calculate -12 + (-9 + 1 - -35) + 2.
17
What is 9 - (-13 + 6 - 6 - -47)?
-25
What is -10 + (-1 + (6 - -3) - -14)?
12
What is the value of 2 - (-1 + 20 - (-19 + -3 - -21))?
-18
3 - -1 - (11 + (8 - (12 - 16)))
-19
-5 + 13 + 23 + -27
4
Evaluate -9 + (-2 - -17) + 0 + -9 + 0.
-3
Evaluate (-14 - -36) + 20 - 21.
21
What is the value of -3 + 1 - (-13 + 24 - (28 + -10))?
5
-46 + 21 - (-16 - -6)
-15
Evaluate -4 + (-5 - (-5 + -7)) + 9.
12
Evaluate 0 + -2 - (42 + (-38 - -5)).
-11
Calculate -4 + 2 + -1 + -4 - -15.
8
-6 + 2 - (26 - 36) - (-4 + 28)
-18
What is -7 + 11 + -9 + -11?
-16
What is -2 + 15 + 49 + -65?
-3
What is the value of -30 - (-3 + (-4 - -3)) - (-39 + 33)?
-20
What is the value of -1 - -8 - 1 - (3159 + -3124)?
-29
Evaluate (9 - 7 - -1) + (9 - 6).
6
12 + (-17 - (8 - 2))
-11
Evaluate (37 - 77) + 40 + -4.
-4
Evaluate -4 + (-18 - (-3 + (-1 - (1 + -4)))).
-21
24 + -19 + 16 - 15
6
Evaluate -25 + -10 + -10 + 30.
-15
Calculate 23 + -21 + 11 + -16 + -3.
-6
What is (-6 - 1) + 0 + 0 + 331 + -340?
-16
Evaluate (4 + 1 - 1 - 7) + (-7 - -12).
2
Calculate (-3 - -1 - (-23 + 14)) + -5 + -6.
-4
21 - (26 + (31 - 28))
-8
6 - 1 - (27 - (27 + -8))
-3
What is 9 + -13 + 12 + 1 + -8?
1
Calculate 10 + (7 - 3) + -14 + -1.
-1
Calculate 21 + (-6 - 15) - (1 + -11).
10
Evaluate -1 - (0 + 3) - (-60 + 46).
10
What is the value of (58 + -92 - -17) + 